{"id":263,"date":"2014-12-10T12:57:39","date_gmt":"2014-12-10T10:57:39","guid":{"rendered":"http:\/\/lammutus.ee\/?post_type=product&#038;p=263"},"modified":"2014-12-10T12:57:39","modified_gmt":"2014-12-10T10:57:39","slug":"renault-laguna-iii-2007a-1-5dci-81kw","status":"publish","type":"product","link":"https:\/\/lammutus.ee\/?product=renault-laguna-iii-2007a-1-5dci-81kw","title":{"rendered":"Renault Laguna III 2007a 1.5DCi 81kw"},"content":{"rendered":"","protected":false},"excerpt":{"rendered":"<p>Renault Laguna 2007a<br \/>\n1461 cm3, 81 kw<\/p>\n<p>Mootor: Testitud<br \/>\nK\u00fctuset\u00fc\u00fcp: Diisel<br \/>\nK\u00e4igukast: Manuaal, 6k\u00e4iku<br \/>\nElektriaknad: 4x<br \/>\nVeljed: 16&#8243; valuvelg<br \/>\nKommentaar: Pilt on illustratiivne. Auto oli vasaku k\u00fclje avariiga. Tehniline pool ok.<\/p>\n","protected":false},"featured_media":264,"comment_status":"closed","ping_status":"closed","template":"","meta":[],"product_brand":[],"product_cat":[27],"product_tag":[],"class_list":{"0":"post-263","1":"product","2":"type-product","3":"status-publish","4":"has-post-thumbnail","6":"product_cat-renault","8":"first","9":"instock","10":"shipping-taxable","11":"product-type-simple"},"_links":{"self":[{"href":"https:\/\/lammutus.ee\/index.php?rest_route=\/wp\/v2\/product\/263","targetHints":{"allow":["GET"]}}],"collection":[{"href":"https:\/\/lammutus.ee\/index.php?rest_route=\/wp\/v2\/product"}],"about":[{"href":"https:\/\/lammutus.ee\/index.php?rest_route=\/wp\/v2\/types\/product"}],"replies":[{"embeddable":true,"href":"https:\/\/lammutus.ee\/index.php?rest_route=%2Fwp%2Fv2%2Fcomments&post=263"}],"wp:featuredmedia":[{"embeddable":true,"href":"https:\/\/lammutus.ee\/index.php?rest_route=\/wp\/v2\/media\/264"}],"wp:attachment":[{"href":"https:\/\/lammutus.ee\/index.php?rest_route=%2Fwp%2Fv2%2Fmedia&parent=263"}],"wp:term":[{"taxonomy":"product_brand","embeddable":true,"href":"https:\/\/lammutus.ee\/index.php?rest_route=%2Fwp%2Fv2%2Fproduct_brand&post=263"},{"taxonomy":"product_cat","embeddable":true,"href":"https:\/\/lammutus.ee\/index.php?rest_route=%2Fwp%2Fv2%2Fproduct_cat&post=263"},{"taxonomy":"product_tag","embeddable":true,"href":"https:\/\/lammutus.ee\/index.php?rest_route=%2Fwp%2Fv2%2Fproduct_tag&post=263"}],"curies":[{"name":"wp","href":"https:\/\/api.w.org\/{rel}","templated":true}]}}