{"id":296,"date":"2014-12-19T12:11:56","date_gmt":"2014-12-19T10:11:56","guid":{"rendered":"http:\/\/lammutus.ee\/?post_type=product&#038;p=296"},"modified":"2015-02-12T11:00:38","modified_gmt":"2015-02-12T09:00:38","slug":"bmw-e39-230i-2-3-125kw-atm","status":"publish","type":"product","link":"https:\/\/lammutus.ee\/?product=bmw-e39-230i-2-3-125kw-atm","title":{"rendered":"BMW E39 2.3 125kw ATM"},"content":{"rendered":"","protected":false},"excerpt":{"rendered":"<p>BMW 523i ,1997 1995-2000<br \/>\n2494 cm3, 125 kw<br \/>\nMootor on testitud<br \/>\nK\u00fctuset\u00fc\u00fcp Diisel<br \/>\nK\u00e4igukast: Manuaal<br \/>\nK\u00e4igukast on testitud<br \/>\nElektriaknad: 4 x<br \/>\nKonditsioneer: Konditsioneer<br \/>\nVeljed: 15\u2033 alumiiniumveljed<\/p>\n","protected":false},"featured_media":298,"comment_status":"closed","ping_status":"closed","template":"","meta":[],"product_brand":[],"product_cat":[24],"product_tag":[],"class_list":{"0":"post-296","1":"product","2":"type-product","3":"status-publish","4":"has-post-thumbnail","6":"product_cat-bmw-2","8":"first","9":"instock","10":"shipping-taxable","11":"product-type-simple"},"_links":{"self":[{"href":"https:\/\/lammutus.ee\/index.php?rest_route=\/wp\/v2\/product\/296","targetHints":{"allow":["GET"]}}],"collection":[{"href":"https:\/\/lammutus.ee\/index.php?rest_route=\/wp\/v2\/product"}],"about":[{"href":"https:\/\/lammutus.ee\/index.php?rest_route=\/wp\/v2\/types\/product"}],"replies":[{"embeddable":true,"href":"https:\/\/lammutus.ee\/index.php?rest_route=%2Fwp%2Fv2%2Fcomments&post=296"}],"wp:featuredmedia":[{"embeddable":true,"href":"https:\/\/lammutus.ee\/index.php?rest_route=\/wp\/v2\/media\/298"}],"wp:attachment":[{"href":"https:\/\/lammutus.ee\/index.php?rest_route=%2Fwp%2Fv2%2Fmedia&parent=296"}],"wp:term":[{"taxonomy":"product_brand","embeddable":true,"href":"https:\/\/lammutus.ee\/index.php?rest_route=%2Fwp%2Fv2%2Fproduct_brand&post=296"},{"taxonomy":"product_cat","embeddable":true,"href":"https:\/\/lammutus.ee\/index.php?rest_route=%2Fwp%2Fv2%2Fproduct_cat&post=296"},{"taxonomy":"product_tag","embeddable":true,"href":"https:\/\/lammutus.ee\/index.php?rest_route=%2Fwp%2Fv2%2Fproduct_tag&post=296"}],"curies":[{"name":"wp","href":"https:\/\/api.w.org\/{rel}","templated":true}]}}